 a composite number?
True
Is 1985 a prime number?
False
Is 293617 composite?
False
Is 1115189 a prime number?
True
Is 262 prime?
False
Is 30679 a prime number?
False
Is 1199 a composite number?
True
Is 50537 a prime number?
False
Is 334279 composite?
True
Is 205589 composite?
False
Is 309587 a composite number?
True
Is 1685 composite?
True
Is 6299 a prime number?
True
Is 18397 prime?
True
Is 167149 composite?
False
Is 33779 prime?
False
Is 928219 composite?
True
Is 197083 a prime number?
True
Is 140953 prime?
False
Is 35741 a composite number?
True
Is 3031 a prime number?
False
Is 8597 a composite number?
False
Is 3669 prime?
False
Is 5363 a composite number?
True
Is 105439 a composite number?
True
Is 21703 prime?
False
Is 903871 prime?
True
Is 195103 a composite number?
False
Is 94033 prime?
True
Is 81331 composite?
False
Is 4201 prime?
True
Is 311417 a prime number?
False
Is 112379 prime?
False
Is 504269 composite?
False
Is 12479 a prime number?
True
Is 77305 a composite number?
True
Is 64547 composite?
True
Is 5387 a prime number?
True
Is 224783 a composite number?
True
Is 3299 a prime number?
True
Is 71531 prime?
False
Is 34253 a prime number?
True
Is 926543 composite?
True
Is 63977 a composite number?
False
Is 73999 prime?
True
Is 330677 prime?
False
Is 42433 prime?
True
Is 66189 prime?
False
Is 48799 composite?
False
Is 188119 prime?
False
Is 8803 prime?
True
Is 492523 composite?
False
Is 507062 a prime number?
False
Is 207265 a composite number?
True
Is 33571 composite?
True
Is 8141 composite?
True
Is 364313 a composite number?
False
Is 2237 a prime number?
True
Is 171863 a composite number?
False
Is 262147 composite?
False
Is 226 a prime number?
False
Is 682795 a composite number?
True
Is 110017 prime?
True
Is 302483 a prime number?
True
Is 292909 a composite number?
False
Is 617579 a composite number?
False
Is 357815 composite?
True
Is 3119 composite?
False
Is 12659 a composite number?
False
Is 38683 a composite number?
True
Is 7741 a composite number?
False
Is 56387 composite?
True
Is 3386 a composite number?
True
Is 386941 a composite number?
True
Is 566519 a composite number?
True
Is 18229 prime?
True
Is 90731 a prime number?
True
Is 180949 composite?
False
Is 2855 a composite number?
True
Is 118343 a prime number?
True
Is 1249 a prime number?
True
Is 12323 a prime number?
True
Is 102605 a composite number?
True
Is 682282 prime?
False
Is 10739 a composite number?
False
Is 7121 a prime number?
True
Is 25087 a prime number?
True
Is 29878 a composite number?
True
Is 1132423 composite?
False
Is 4561 a prime number?
True
Is 34667 a prime number?
True
Is 67247 a composite number?
False
Is 4357 prime?
True
Is 187727 composite?
True
Is 332461 prime?
True
Is 7727 a composite number?
False
Is 51749 a composite number?
False
Is 91757 prime?
True
Is 35419 a composite number?
False
Is 5579 composite?
True
Is 30151 a composite number?
True
Is 4499 a composite number?
True
Is 106331 a composite number?
False
Is 499 composite?
False
Is 2613371 composite?
False
Is 71009 a composite number?
True
Is 14303 a prime number?
True
Is 115945 prime?
False
Is 50305 prime?
False
Is 64433 a prime number?
True
Is 3286285 prime?
False
Is 620069 prime?
False
Is 18751 a prime number?
False
Is 125479 prime?
False
Is 15769 prime?
False
Is 236947 a composite number?
False
Is 1681817 a composite number?
False
Is 191657 a composite number?
False
Is 772949 a composite number?
False
Is 8119 a prime number?
False
Is 93529 composite?
False
Is 108727 prime?
True
Is 4871 a prime number?
True
Is 947449 composite?
False
Is 8807 a composite number?
False
Is 3527 a composite number?
False
Is 321143 prime?
True
Is 737 a composite number?
True
Is 764717 a prime number?
True
Is 70991 prime?
True
Is 307 prime?
True
Is 10777 a composite number?
True
Is 144827 prime?
False
Is 133961 prime?
False
Is 688861 a composite number?
False
Is 100267 composite?
False
Is 43117 a prime number?
True
Is 4007 composite?
False
Is 120113 a composite number?
True
Is 10579 prime?
False
Is 13963 a composite number?
False
Is 4187 a composite number?
True
Is 6769 prime?
False
Is 206357 composite?
True
Is 197479 composite?
False
Is 44097 a prime number?
False
Is 8661 prime?
False
Is 688001 a prime number?
False
Is 3101243 prime?
False
Is 624373 a prime number?
False
Is 21943 prime?
True
Is 184883 a composite number?
True
Is 1277 a prime number?
True
Is 42101 a composite number?
False
Is 594773 composite?
False
Is 25657 a composite number?
False
Is 13829 a composite number?
False
Is 18451 prime?
True
Is 518599 a composite number?
True
Is 921407 composite?
False
Is 20201 prime?
True
Is 126127 prime?
True
Is 137113 a prime number?
False
Is 126287 a prime number?
False
Is 743713 composite?
True
Is 563 a composite number?
False
Is 64697 prime?
False
Is 15527 a prime number?
True
Is 11878 prime?
False
Is 505535 composite?
True
Is 1346083 a prime number?
True
Is 1557599 a prime number?
False
Is 24437 a composite number?
True
Is 5779 prime?
True
Is 38891 a composite number?
False
Is 148791 composite?
True
Is 28261 a composite number?
True
Is 8081 prime?
True
Is 1502551 prime?
True
Is 15403 a prime number?
False
Is 23678 prime?
False
Is 46601 composite?
False
Is 116861 a prime number?
False
Is 216565 composite?
True
Is 5857 a prime number?
True
Is 24619 composite?
True
Is 20053 prime?
False
Is 2407 composite?
True
Is 81245 prime?
False
Is 20395 composite?
True
Is 4111 composite?
False
Is 18987 a composite number?
True
Is 1694389 composite?
True
Is 2999 a prime number?
True
Is 14078 a prime number?
False
Is 115151 a composite number?
False
Is 329335 composite?
True
Is 687863 composite?
True
Is 4172291 composite?
True
Is 119969 a composite number?
True
Is 11303 a composite number?
True
Is 7841 a composite number?
False
Is 32221 composite?
True
Is 23189 prime?
True
Is 14923 a composite number?
False
Is 8311 prime?
True
Is 435938 a prime number?
False
Is 72737 a composite number?
True
Is 307309 a prime number?
False
Is 421735 composite?
True
Is 253109 a prime number?
True
Is 2150813 a prime number?
False
Is 26371 a composite number?
False
Is 745 a composite number?
True
Is 15527 prime?
True
Is 10747 composite?
True
Is 6401 prime?
False
Is 32597 a composite number?
True
Is 2483 composite?
True
Is 225859 a composite number?
False
Is 97235 prime?
False
Is 16715 a prime number?
False
Is 130099 a prime number?
True
Is 1853 a composite number?
True
Is 27502 a prime number?
False
Is 3943 a composite number?
False
Is 5417791 a composite number?
False
Is 200474 a prime number?
False
Is 15503 a composite number?
True
Is 137887 composite?
True
Is 11017 composite?
True
Is 7993 a prime number?
True
Is 156437 a composite number?
False
Is 9181 a prime number?
True
Is 29221 prime?
True
Is 7401167 composite?
False
Is 15811 a prime number?
False
Is 7477 a prime number?
True
Is 1397 a composite number?
True
Is 164717 a prime number?
False
Is 203695 prime?
False
Is 8683 a prime number?
False
Is 153553 composite?
True
Is 49963 a prime number?
False
Is 290735 a composite number?
True
Is 64941 composite?
True
Is 996203 a composite number?
True
Is 66835 prime?
False
Is 7039 a composite number?
False
Is 8597 composite?
False
Is 9565 a composite number?
True
Is 127181 a composite number?
True
Is 100613 composite?
False
Is 6035417 a composite number?
False
Is 50797 composite?
True
Is 37423 a composite number?
False
Is 8479 composite?
True
Is 18287 a composite number?
False
Is 18041 prime?
True
Is 8501 prime?
True
Is 12781 a composite number?
False
Is 25219 a composite number?
False
Is 6377 a composite number?
True
Is 45922 a prime number?
False
Is 43801 prime?
True
Is 1499 a prime number?
True
Is 51949 composite?
False
Is 22109 a composite number?
False
Is 21005 a prime number?
False
Is 48731 a composite number?
False
Is 56941 prime?
True
Is 94201 a composite number?
False
Is 65213 prime?
True
Is 3703819 composite?
True
Is 427855 a composite number?
True
Is 93865 prime?
False
Is 8939 composite?
True
Is 2019 a prime number?
False
Is 1290493 a prime number?
False
Is 2039 prime?
True
Is 184211 prime?
True
Is 2047 a composite number?
True
Is 1114613 a composite number?
False
Is 7573 composite?
False
Is 1067 composite?
True
Is 110291 composite?
F